*k. Give m(y).
5
Suppose 2*t - h + 4*h + 7 = 0, -5*t - 3*h = 4. Let b(x) be the first derivative of x**4/2 + x**3/3 - x**2/2 + 13. Determine b(t).
2
Let d(o) be the first derivative of o**2 - 49. Give d(2).
4
Let l(h) = h**2 + 11*h + 3. Suppose 32*p - 143 = 45*p. Give l(p).
3
Let c(s) be the second derivative of -s**5/20 + 5*s**4/12 - s**3/2 - 2*s**2 - s. Let v = 548 - 545. Calculate c(v).
5
Let s = -5 + -45. Let f = -60 - s. Let p(q) = q**2 + 11*q + 7. Give p(f).
-3
Let s(q) = -q**2 + q - 2. Let w = 37 - 35. Suppose c = -2*b, 3*c + 0 - w = -4*b. Determine s(c).
-4
Let s be 0 - (0 - -1 - 8). Let c = -31 - -37. Let g(j) = -c*j**2 + 14*j**2 - s*j**2 - 5*j. Give g(4).
-4
Let h be (8/5)/((-4)/10). Let m = h + 10. Let j(w) = w**3 - 5*w**2 - 7*w. Determine j(m).
-6
Let c(f) be the second derivative of f**5/20 - 5*f**4/4 + 37*f**3/6 - 4*f**2 + f - 127. What is c(12)?
4
Suppose 0 = -18*r + 23*r. Suppose -2*q + 16 = 2*q + k, r = -q - k + 7. Let x(w) = w**2 + 1 + 5*w - 20*w**q - 2*w + 18*w**3. What is x(-2)?
15
Let r = -1 + 1. Let u(d) = d. Let v(m) = 4*m + 1. Let f(j) = -7*u(j) + 2*v(j). Determine f(r).
2
Suppose -297*f - 15 = -294*f. Let i(c) be the second derivative of -c**4/12 - c**3 + 3*c**2/2 + 2*c. What is i(f)?
8
Let s = 2 + 1. Let j(w) = -w + 17. Let r be j(15). Suppose -r*m + 0 = s*z + 5, -2*z = -5*m + 35. Let f(l) = l + 1. Give f(m).
6
Let u(d) be the third derivative of d**6/120 - d**5/30 + d**4/24 + d**3/3 + 2*d**2 - 37. Let m(j) = 2*j. Let t be m(1). Determine u(t).
4
Let g = -1141 + 1141. Let v(a) = a + 4. What is v(g)?
4
Let d(w) = -2*w - 1. Let x be d(-3). Let n(y) = 7*y - 2*y - 5*y + 3 - y. Calculate n(x).
-2
Suppose -6*n + 9 + 9 = 0. Let g(c) = -n*c + 2*c**2 - c**2 + 2*c + 8. Give g(0).
8
Let y(f) = -f**3 - 4*f**2 + 6*f + 4. Suppose -34*m - 64*m - 392 = 0. What is y(m)?
-20
Let s = 887 + -896. Let p(v) = v**2 + 6*v + 8. Determine p(s).
35
Let r(s) = 14 - 74*s + 24*s + 32*s + 19*s. Calculate r(-8).
6
Let l(w) = w - 3. Let a(t) = 4*t - 7. Let f(j) = 2*a(j) - 7*l(j). Let m(b) = -2*b**2. Let h be m(1). Let o = h + -2. Calculate f(o).
3
Let v(h) = -6*h**2 + 2*h**3 + 10 - 5*h**3 - 102*h + 97*h + 4*h**3. Determine v(7).
24
Let t(k) = -k**2 - 2*k. Suppose 3*h - 6*r = -5*r - 4, 3*h = 5*r - 20. What is t(h)?
0
Let a = -488 + 480. Let z(v) = v**2 + 11*v + 7. Calculate z(a).
-17
Suppose 0*u + 2*u = -22. Let q = -8 - u. Let l(d) = -2 - d**q + 2*d**2 - 5*d**2 + 2*d**3 - 4*d + 7*d**2. Calculate l(-5).
-7
Let d be 18*((4 + 2)*1)/(-4). Let f(y) = -18*y + 3. Let n be f(2). Let u = n - d. Let m(z) = -z**2 - 6*z - 5. Calculate m(u).
-5
Let n(u) be the third derivative of -u**4/8 - 4*u**3 - 763*u**2. What is n(-16)?
24
Let n(k) = -k**3 - 4*k**2 - 5*k - 4. Let p be (-755)/(-45) + (-6)/(-27). Suppose 12 = 13*o - p*o. Give n(o).
2
Let w be ((-5)/45*3)/(1/(-12)). Suppose -2*a + 4*t - w = 0, -3*a - 6 = -0*t + 5*t. Let v(r) = -r - 1. Give v(a).
1
Let r = 4 + -12. Let x be 3/12 + (-14)/r. Suppose -x*h - 24 = -5*j, -2*j = -3*j - 4*h + 18. Let g(s) = s + 2. Give g(j).
8
Suppose 2*u + 82 = 70. Let i(d) = -10*d - 1. What is i(u)?
59
Let t(k) = -11*k - 1. Let q = 20 + -17. Let x be (q - 1)*91/(-26). Let p = x - -6. Calculate t(p).
10
Let a(f) = -6*f - 1. Suppose -3*b = 4*b - 126. Let s = b - 17. Determine a(s).
-7
Let m(h) = -4 + 0*h**2 - 3*h + h**2 + 0*h**2. Suppose 3*n + 4*q + 7 = -q, q = 3*n - 5. Let z be (6*4/(-8))/(0 - n). Determine m(z).
-4
Let s be (0 + (-10)/(-3))*(-210)/(-175). Let k(d) = d**2 - 3*d - 4. What is k(s)?
0
Let b = 1965 + -5894/3. Let m(a) be the first derivative of -4*a - b*a**3 - 10 - 5/2*a**2. Give m(-3).
2
Let d = 16 - 14. Let v(m) be the third derivative of -m**6/120 + m**5/30 - m**4/6 + m**3/3 - 2*m**2. Calculate v(d).
-6
Suppose 2*w + 3*l + 9 = 0, 0 = -3*l - 8 + 5. Let a(b) be the third derivative of -b**4/24 + b**3/6 + 2*b**2. Calculate a(w).
4
Let t(k) = 2*k - 16 + k - 3*k - 123*k**2 + 124*k**2 - 2*k. Give t(-3).
-1
Let b(q) = -1 + 10*q + 2 - 2*q - 2 + q**2. Give b(-11).
32
Let z = 18 - 26. Let y = z + 3. Let d(h) be the second derivative of -h**3/3 - 3*h**2/2 + 13*h. Determine d(y).
7
Let d(r) = -r - 15. Let l(k) = -2*k - 42. Let h(m) = 4*d(m) - l(m). Determine h(-8).
-2
Let i(k) = -793 + k - 4*k**2 + 4*k + 394 + 397 + k**2. What is i(3)?
-14
Let q(p) = -8*p**2 + p. Suppose -35 = -a + 33. Let k = a + -67. Calculate q(k).
-7
Let y be 1/2 - 40/(-16). Let i = -3 - y. Let s = 11 + i. Let g(r) = -r**2 + 4*r + 4. What is g(s)?
-1
Let o = -4 + 2. Let i = 117 + -115. Let a(k) = 17 + 15 - k**3 - k**i - 34. Determine a(o).
2
Let i(s) = -s**2 + 7*s - 5. Let r = -37 + 44. Give i(r).
-5
Let w(y) = y + 5. Let j(x) = -x - 11. Let h(r) = 2*j(r) + 5*w(r). Let d = -32 + 31. Let i be (d + 2)/((-2)/10). Determine h(i).
-12
Let j(k) = -k**2 + k + 10. Let l be j(4). Let o(n) = -4*n - 2. Give o(l).
6
Suppose -72*t = 2*a - 74*t + 6, 4*t - 8 = 0. Let r(p) = 10*p. Determine r(a).
-10
Let g(l) = 18*l**3 - 2 + 2 - 17*l**3. Determine g(1).
1
Let v be 47/9 + (-10)/45. Let q(a) = 0*a + a - v + 4. Give q(4).
3
Let h(y) be the third derivative of -y**5/60 + 7*y**3/6 - 26*y**2. What is h(3)?
-2
Let t(s) be the third derivative of 0*s + 1/30*s**5 + 1/60*s**6 + 0 - 31*s**2 + 0*s**3 - 1/12*s**4. Calculate t(-2).
-4
Let t(y) be the second derivative of -y**5/10 - y**4/6 + y**3/3 - y**2/2 + 511*y. Calculate t(2).
-21
Let o(c) be the third derivative of 0 + 4/3*c**3 + 5/12*c**4 + 1/6*c**5 + 1/120*c**6 - 20*c**2 + 0*c. Determine o(-9).
-1
Suppose -4*w = -5*a - 55, a + w = -0*w - 20. Let o = 21 + a. Let z(m) = m - 2. What is z(o)?
4
Let h be (-39)/13*2/3. Let v be ((-2)/6)/(h/(-6)). Let g be (-9 - -15)*(-2 - v). Let l(c) = 2*c + 5. What is l(g)?
-7
Suppose -2*t + 2 = -8. Let j(r) be the third derivative of -r**4/24 + r**3/2 - 10*r**2 + 4*r. Determine j(t).
-2
Let k(a) = -2*a**2 - 4*a + 1. Suppose 0 = -4*t + 3*t + 2, 0 = 4*j - 3*t + 26. Calculate k(j).
-29
Let o = 64 + -107. Let y = 73 + o. Let v = -31 + y. Let i(l) = -12*l. Determine i(v).
12
Let o(s) = -s**3 - 10*s**2 - 23*s - 20. Let d be o(-7). Let i(u) = u + 3. Give i(d).
-3
Let n = -44 + 46. Let a be 18/10 + (-2)/(-10). Let k(o) = 3*o**a + n*o**3 + 6 - 3*o**3 + o**2 + 0*o**2 + 5*o. What is k(5)?
6
Let y = 4 + -18. Let o = y + 19. Let f(p) = -3*p + 1. Calculate f(o).
-14
Suppose -113*h + 30 = -108*h. Let q(t) = t**2 - 3*t + 3. Determine q(h).
21
Let z(v) = v**3 - v + 1. Let c(l) = -9 + l**2 - 12*l**2 + l**3 + 12*l - 3*l + 2*l. Let u be c(10). Give z(u).
1
Let f(d) = -d. Let j = -15 - -17. Suppose 3*l = -j*l + 2*s, 4*l = -3*s. Suppose l = 6*v - 24 - 12. Calculate f(v).
-6
Let s(h) be the third derivative of h**5/20 + 5*h**4/4 + 11*h**3/3 + 892*h**2. Determine s(-9).
-5
Let m(j) = -j**3 - 3*j**2 + 3*j. Let x(k) = 7*k**3 + 16*k**2 - 17*k. Let d(p) = 11*m(p) + 2*x(p). Give d(2).
18
Let l be (1*(0 - -3))/1. Let g(q) = 6*q**l + 8 - 8*q**3 - 5*q**2 + q**3 + 9*q. Calculate g(-6).
-10
Let z(t) be the second derivative of -5/2*t**2 - 5*t - 1/12*t**4 + 4/3*t**3 - 5. Calculate z(6).
7
Suppose -6 = 7*s + 50. Let w(b) = b + 8. Calculate w(s).
0
Let s(t) = -3*t + t**2 - 13 + 15 - 5*t + 4*t. Give s(5).
7
Let c = 91 + -87. Let u be 3/(36/c)*-3. Let f(w) = -19*w**3 - 1. Determine f(u).
18
Let z(j) = -j - 1. Let r(m) = m. Let v(d) = -4*r(d) - 3*z(d). Suppose -5*t - 4*i = 36, 4*i = 2*t + i - 4. What is v(t)?
7
Let b(c) be the third derivative of 19*c**6/120 - c**5/60 + c**4/24 + c**3/6 + 2*c**2 + 9. Determine b(-1).
-20
Let n(l) = -20*l - 1. Let c(b) = b + 2. Let i(k) = -3*k - 5. Let g(o) = -8*c(o) - 3*i(o). Let z be g(2). What is n(z)?
-21
Let f(u) be the first derivative of 5*u**2/2 + 1. Let w = -3 + 6. Suppose w*g + 2*r = -7, 2*g - r = 6*g + 1. Determine f(g).
5
Let u(c) = c**2 - 7*c + 9. Let x(p) = -3 - 9 - 4 + 15. Let k(d) = -u(d) - 5*x(d). Give k(5).
6
Let c(y) = 5*y**3 + 2*y**2 - y - 2. Let k = 995 - 997. Give c(k).
-32
Let z(s) = 2*s**2 + 2*s + 1. Let p(q) = 3*q**2 + 5*q + 2. Let j(d) = 3*p(d) - 5*z(d). Suppose -36*t = 8*t - 220. Determine j(t).
1
Let s(k) = 3*k - 7 + 1 - 6*k + 2*k - 5*k**2. Let w(m) = m**2 - m - 1. Let j(z) = s(z) + 6*w(z). Calculate j(9).
6
Let b(c) be the second derivative of c**5/20 + 5*c**4/3 + 3*c**3 - 21*c**2/2 - 4*c + 158. Determine b(-19).
-2
Let u(z) = -4 + 0 + 10*z + 3 + z**2 - 4*z - 2. Suppose f + f =